{"id":984,"date":"2021-02-04T14:10:41","date_gmt":"2021-02-04T14:10:41","guid":{"rendered":"http:\/\/www.pipety.eu\/?post_type=product&#038;p=984"},"modified":"2021-05-02T18:29:28","modified_gmt":"2021-05-02T18:29:28","slug":"autoklavovatelny-box-na-combitipy","status":"publish","type":"product","link":"https:\/\/www.pipety.eu\/?product=autoklavovatelny-box-na-combitipy","title":{"rendered":"Autokl\u00e1vovateln\u00fd box na combitipy"},"content":{"rendered":"<p>Pro v\u0161echny velikosti combitip\u016f.<\/p>\n","protected":false},"excerpt":{"rendered":"<p>Pro v\u0161echny velikosti combitip\u016f.<\/p>\n","protected":false},"featured_media":0,"comment_status":"open","ping_status":"closed","template":"","meta":{"spay_email":""},"_links":{"self":[{"href":"https:\/\/www.pipety.eu\/index.php?rest_route=\/wp\/v2\/product\/984"}],"collection":[{"href":"https:\/\/www.pipety.eu\/index.php?rest_route=\/wp\/v2\/product"}],"about":[{"href":"https:\/\/www.pipety.eu\/index.php?rest_route=\/wp\/v2\/types\/product"}],"replies":[{"embeddable":true,"href":"https:\/\/www.pipety.eu\/index.php?rest_route=%2Fwp%2Fv2%2Fcomments&post=984"}],"wp:attachment":[{"href":"https:\/\/www.pipety.eu\/index.php?rest_route=%2Fwp%2Fv2%2Fmedia&parent=984"}],"curies":[{"name":"wp","href":"https:\/\/api.w.org\/{rel}","templated":true}]}}