{"id":1873,"date":"2022-03-07T15:18:47","date_gmt":"2022-03-07T15:18:47","guid":{"rendered":"http:\/\/www.pipety.eu\/?post_type=product&#038;p=1873"},"modified":"2022-03-07T15:27:44","modified_gmt":"2022-03-07T15:27:44","slug":"accumax-fab-s-variabilnim-objemem-01-25-%c2%b5l","status":"publish","type":"product","link":"https:\/\/www.pipety.eu\/?product=accumax-fab-s-variabilnim-objemem-01-25-%c2%b5l","title":{"rendered":"Accumax FAB s variabiln\u00edm objemem 0,1-2,5 \u00b5l"},"content":{"rendered":"<p>1-kan\u00e1lov\u00e1 pipeta Accumax FAB s variabiln\u00edm objemem 0,1-2,5 \u00b5l. Cena pipety je v\u010detn\u011b akreditovan\u00e9 kalibrace.<\/p>\n","protected":false},"excerpt":{"rendered":"<p>1-kan\u00e1lov\u00e1 pipeta Accumax FAB s variabiln\u00edm objemem 0,1-2,5 \u00b5l. Cena pipety je v\u010detn\u011b akreditovan\u00e9 kalibrace.<\/p>\n","protected":false},"featured_media":1859,"comment_status":"open","ping_status":"closed","template":"","meta":{"spay_email":""},"_links":{"self":[{"href":"https:\/\/www.pipety.eu\/index.php?rest_route=\/wp\/v2\/product\/1873"}],"collection":[{"href":"https:\/\/www.pipety.eu\/index.php?rest_route=\/wp\/v2\/product"}],"about":[{"href":"https:\/\/www.pipety.eu\/index.php?rest_route=\/wp\/v2\/types\/product"}],"replies":[{"embeddable":true,"href":"https:\/\/www.pipety.eu\/index.php?rest_route=%2Fwp%2Fv2%2Fcomments&post=1873"}],"wp:featuredmedia":[{"embeddable":true,"href":"https:\/\/www.pipety.eu\/index.php?rest_route=\/wp\/v2\/media\/1859"}],"wp:attachment":[{"href":"https:\/\/www.pipety.eu\/index.php?rest_route=%2Fwp%2Fv2%2Fmedia&parent=1873"}],"curies":[{"name":"wp","href":"https:\/\/api.w.org\/{rel}","templated":true}]}}