{"id":1367,"date":"2021-06-10T09:46:59","date_gmt":"2021-06-10T09:46:59","guid":{"rendered":"http:\/\/www.pipety.eu\/?post_type=product&#038;p=1367"},"modified":"2021-06-15T12:06:55","modified_gmt":"2021-06-15T12:06:55","slug":"spicky-100%c2%b5l-sterilni-s-filtrem","status":"publish","type":"product","link":"https:\/\/www.pipety.eu\/?product=spicky-100%c2%b5l-sterilni-s-filtrem","title":{"rendered":"\u0160pi\u010dky 100\u00b5l steriln\u00ed s filtrem, 960 ks."},"content":{"rendered":"<p>Rozsah objemu \u0161pi\u010dky 1-100\u00b5l. Baleny 10&#215;96 ks v krabi\u010dk\u00e1ch. V balen\u00ed 960 ks.<\/p>\n<p>Steriln\u00ed s filtrem.<\/p>\n","protected":false},"excerpt":{"rendered":"<p>Rozsah objemu \u0161pi\u010dky 1-100\u00b5l. Baleny 10&#215;96 ks v krabi\u010dk\u00e1ch. V balen\u00ed 960 ks. Steriln\u00ed s filtrem.<\/p>\n","protected":false},"featured_media":0,"comment_status":"open","ping_status":"closed","template":"","meta":{"spay_email":""},"_links":{"self":[{"href":"https:\/\/www.pipety.eu\/index.php?rest_route=\/wp\/v2\/product\/1367"}],"collection":[{"href":"https:\/\/www.pipety.eu\/index.php?rest_route=\/wp\/v2\/product"}],"about":[{"href":"https:\/\/www.pipety.eu\/index.php?rest_route=\/wp\/v2\/types\/product"}],"replies":[{"embeddable":true,"href":"https:\/\/www.pipety.eu\/index.php?rest_route=%2Fwp%2Fv2%2Fcomments&post=1367"}],"wp:attachment":[{"href":"https:\/\/www.pipety.eu\/index.php?rest_route=%2Fwp%2Fv2%2Fmedia&parent=1367"}],"curies":[{"name":"wp","href":"https:\/\/api.w.org\/{rel}","templated":true}]}}