{"id":217,"date":"2020-11-27T16:14:46","date_gmt":"2020-11-27T16:14:46","guid":{"rendered":"http:\/\/www.pipety.eu\/?page_id=217"},"modified":"2021-11-20T08:49:44","modified_gmt":"2021-11-20T08:49:44","slug":"eppendorf-reference-2","status":"publish","type":"page","link":"https:\/\/www.pipety.eu\/?page_id=217","title":{"rendered":"Pipety Eppendorf"},"content":{"rendered":"\n<p class=\"has-medium-font-size\"><strong>Eppendorf Research Plus (IVD)<\/strong><\/p>\n\n\n\n<p>Tyto pipety spl\u0148uj\u00ed nejp\u0159\u00edsn\u011bj\u0161\u00ed n\u00e1roky na p\u0159esnost a opakovatelnost. Jsou ide\u00e1ln\u00ed pro b\u011b\u017en\u00fd provoz a zaji\u0161\u0165uj\u00ed p\u0159esn\u00e9 v\u00fdsledky. <\/p>\n\n\n\n<ul><li>velice lehk\u00e9 pipety<\/li><li>mal\u00e1 ovl\u00e1dac\u00ed s\u00edla<\/li><li>p\u0159esn\u00e9 d\u00e1vkov\u00e1n\u00ed<\/li><li>pipety jsou barevn\u011b ozna\u010deny dle d\u00e1vkovan\u00e9ho objemu<\/li><li>rychl\u00e9 nastaven\u00ed objemu<\/li><li>snadn\u00e1 a rychl\u00e1 \u00fadr\u017eba<\/li><li>akreditovan\u00e1 kalibrace v cen\u011b pipety<\/li><\/ul>\n\n\n\n<div class=\"wp-block-columns\">\n<div class=\"wp-block-column\">\n<figure class=\"wp-block-image size-large is-resized\"><img loading=\"lazy\" src=\"https:\/\/www.pipety.eu\/wp-content\/uploads\/2021\/11\/research-plus.jpg\" alt=\"\" class=\"wp-image-1735\" width=\"265\" height=\"265\" srcset=\"https:\/\/www.pipety.eu\/wp-content\/uploads\/2021\/11\/research-plus.jpg 400w, https:\/\/www.pipety.eu\/wp-content\/uploads\/2021\/11\/research-plus-300x300.jpg 300w, https:\/\/www.pipety.eu\/wp-content\/uploads\/2021\/11\/research-plus-150x150.jpg 150w, https:\/\/www.pipety.eu\/wp-content\/uploads\/2021\/11\/research-plus-75x75.jpg 75w, https:\/\/www.pipety.eu\/wp-content\/uploads\/2021\/11\/research-plus-100x100.jpg 100w, https:\/\/www.pipety.eu\/wp-content\/uploads\/2021\/11\/research-plus-60x60.jpg 60w, https:\/\/www.pipety.eu\/wp-content\/uploads\/2021\/11\/research-plus-90x90.jpg 90w\" sizes=\"(max-width: 265px) 100vw, 265px\" \/><\/figure>\n<\/div>\n\n\n\n<div class=\"wp-block-column\">\n<p><\/p>\n\n\n\n<div class=\"wp-block-buttons\">\n<div class=\"wp-block-button\"><a class=\"wp-block-button__link has-pale-cyan-blue-background-color has-background\" href=\"https:\/\/www.pipety.eu\/?page_id=1755\">Nab\u00eddka pipet<\/a><\/div>\n<\/div>\n\n\n\n<p><\/p>\n<\/div>\n<\/div>\n\n\n\n<hr class=\"wp-block-separator\"\/>\n\n\n\n<p class=\"has-medium-font-size\"><strong>Eppendorf Reference 2<\/strong><\/p>\n\n\n\n<p>Velice kvalitn\u00ed \u0159ada pipet. V pipet\u00e1ch Reference 2 se spojuje vysok\u00e1 p\u0159esnost a opakovatelnost d\u00e1vkov\u00e1n\u00ed. Pipeta se ovl\u00e1d\u00e1 jedn\u00edm tla\u010d\u00edtkem, a to v\u010detn\u011b nastaven\u00ed objemu. Pipeta je lehce rozebirateln\u00e1 a je mo\u017en\u00e9 ji rychle a jednodu\u0161e vy\u010distit. <\/p>\n\n\n\n<div class=\"wp-block-buttons\"><\/div>\n\n\n\n<div class=\"wp-block-columns\">\n<div class=\"wp-block-column\" style=\"flex-basis:66.66%\">\n<ul><li>\u0161pi\u010dkov\u00e1 kvalita<\/li><li>vysok\u00e1 p\u0159esnost d\u00e1vkov\u00e1n\u00ed<\/li><li>ovl\u00e1d\u00e1n\u00ed jedn\u00edm tla\u010d\u00edtkem<\/li><li>rychl\u00e9 a p\u0159esn\u00e9 nastaven\u00ed objemu<\/li><li>odpru\u017een\u00fd spodn\u00ed d\u00edl pipety<\/li><li>pipeta je pln\u011b autokl\u00e1vovateln\u00e1<\/li><li>akreditovan\u00e1 kalibrace zdarma<\/li><\/ul>\n<\/div>\n\n\n\n<div class=\"wp-block-column\" style=\"flex-basis:33.33%\">\n<figure class=\"wp-block-image size-large is-resized\"><img loading=\"lazy\" src=\"https:\/\/www.pipety.eu\/wp-content\/uploads\/2021\/11\/1000_2.jpg\" alt=\"\" class=\"wp-image-1787\" width=\"254\" height=\"190\" srcset=\"https:\/\/www.pipety.eu\/wp-content\/uploads\/2021\/11\/1000_2.jpg 800w, https:\/\/www.pipety.eu\/wp-content\/uploads\/2021\/11\/1000_2-300x225.jpg 300w, https:\/\/www.pipety.eu\/wp-content\/uploads\/2021\/11\/1000_2-768x576.jpg 768w, https:\/\/www.pipety.eu\/wp-content\/uploads\/2021\/11\/1000_2-80x60.jpg 80w, https:\/\/www.pipety.eu\/wp-content\/uploads\/2021\/11\/1000_2-120x90.jpg 120w\" sizes=\"(max-width: 254px) 100vw, 254px\" \/><\/figure>\n<\/div>\n<\/div>\n\n\n\n<div class=\"wp-block-columns\">\n<div class=\"wp-block-column\">\n<figure class=\"wp-block-image size-large is-resized\"><img loading=\"lazy\" src=\"https:\/\/www.pipety.eu\/wp-content\/uploads\/2021\/11\/1428_Reference-2.jpg-1.jpg\" alt=\"\" class=\"wp-image-1790\" width=\"300\" height=\"228\" srcset=\"https:\/\/www.pipety.eu\/wp-content\/uploads\/2021\/11\/1428_Reference-2.jpg-1.jpg 250w, https:\/\/www.pipety.eu\/wp-content\/uploads\/2021\/11\/1428_Reference-2.jpg-1-79x60.jpg 79w, https:\/\/www.pipety.eu\/wp-content\/uploads\/2021\/11\/1428_Reference-2.jpg-1-118x90.jpg 118w\" sizes=\"(max-width: 300px) 100vw, 300px\" \/><\/figure>\n<\/div>\n\n\n\n<div class=\"wp-block-column\">\n<p><\/p>\n\n\n\n<div class=\"wp-block-buttons\">\n<div class=\"wp-block-button\"><a class=\"wp-block-button__link has-pale-cyan-blue-background-color has-background\" href=\"https:\/\/www.pipety.eu\/?page_id=1792\">Nab\u00eddka pipet<\/a><\/div>\n<\/div>\n<\/div>\n<\/div>\n\n\n\n<hr class=\"wp-block-separator\"\/>\n\n\n\n<p class=\"has-medium-font-size\"><strong>Eppendorf Multipette E3<\/strong><\/p>\n\n\n\n<p>Tato pipeta (opakovac\u00ed d\u00e1vkova\u010d) je vhodn\u00e1 pro velk\u00e9 s\u00e9rie d\u00e1vkov\u00e1n\u00ed podobn\u00fdch objem\u016f. Pipeta vyu\u017e\u00edv\u00e1 Combitipy, kter\u00e9 se dod\u00e1vaj\u00ed v\u017edy v n\u011bjak\u00e9m objemu od nejni\u017e\u0161\u00edho objemu po nejvy\u0161\u0161\u00ed objem.<\/p>\n\n\n\n<div class=\"wp-block-columns\">\n<div class=\"wp-block-column\" style=\"flex-basis:66.66%\">\n<ul><li>mo\u017enost d\u00e1vkov\u00e1n\u00ed od 1 do 50 ml<\/li><li>velk\u00e9 s\u00e9rie d\u00e1vkov\u00e1n\u00ed<\/li><li>rychl\u00e9 nastaven\u00ed objemu<\/li><li>automatick\u00e9 rozpozn\u00e1n\u00ed \u0161pi\u010dek <\/li><li>mo\u017enost pr\u00e1ce i s t\u011bkav\u00fdmi l\u00e1tkami<\/li><li>v\u010detn\u011b akreditovan\u00e9 kalibrace<\/li><\/ul>\n<\/div>\n\n\n\n<div class=\"wp-block-column\" style=\"flex-basis:33.33%\">\n<figure class=\"wp-block-image size-large is-resized\"><img loading=\"lazy\" src=\"https:\/\/www.pipety.eu\/wp-content\/uploads\/2021\/11\/0G-01-13.jpg\" alt=\"\" class=\"wp-image-1816\" width=\"102\" height=\"208\" srcset=\"https:\/\/www.pipety.eu\/wp-content\/uploads\/2021\/11\/0G-01-13.jpg 319w, https:\/\/www.pipety.eu\/wp-content\/uploads\/2021\/11\/0G-01-13-147x300.jpg 147w, https:\/\/www.pipety.eu\/wp-content\/uploads\/2021\/11\/0G-01-13-300x611.jpg 300w, https:\/\/www.pipety.eu\/wp-content\/uploads\/2021\/11\/0G-01-13-29x60.jpg 29w, https:\/\/www.pipety.eu\/wp-content\/uploads\/2021\/11\/0G-01-13-44x90.jpg 44w\" sizes=\"(max-width: 102px) 100vw, 102px\" \/><\/figure>\n<\/div>\n<\/div>\n\n\n\n<div class=\"wp-block-columns\">\n<div class=\"wp-block-column\" style=\"flex-basis:66.66%\">\n<figure class=\"wp-block-image size-large is-resized\"><img loading=\"lazy\" src=\"https:\/\/www.pipety.eu\/wp-content\/uploads\/2021\/11\/1229921.jpg\" alt=\"\" class=\"wp-image-1817\" width=\"171\" height=\"256\" srcset=\"https:\/\/www.pipety.eu\/wp-content\/uploads\/2021\/11\/1229921.jpg 600w, https:\/\/www.pipety.eu\/wp-content\/uploads\/2021\/11\/1229921-200x300.jpg 200w, https:\/\/www.pipety.eu\/wp-content\/uploads\/2021\/11\/1229921-300x450.jpg 300w, https:\/\/www.pipety.eu\/wp-content\/uploads\/2021\/11\/1229921-40x60.jpg 40w, https:\/\/www.pipety.eu\/wp-content\/uploads\/2021\/11\/1229921-60x90.jpg 60w\" sizes=\"(max-width: 171px) 100vw, 171px\" \/><\/figure>\n<\/div>\n\n\n\n<div class=\"wp-block-column\" style=\"flex-basis:33.33%\">\n<p><\/p>\n\n\n\n<div class=\"wp-block-buttons\">\n<div class=\"wp-block-button\"><a class=\"wp-block-button__link has-pale-cyan-blue-background-color has-background\" href=\"https:\/\/www.pipety.eu\/?page_id=1002\">Nab\u00eddka Multipette E3<\/a><\/div>\n<\/div>\n<\/div>\n<\/div>\n\n\n\n<hr class=\"wp-block-separator\"\/>\n\n\n\n<p class=\"has-medium-font-size\"><strong>Eppendorf Multipette M4<\/strong><\/p>\n\n\n\n<p>Mechanick\u00e1 opakovac\u00ed pipeta Multipette M4 je ur\u010dena pro velk\u00e9 s\u00e9rie vzork\u016f. Multipipetta M4 pou\u017e\u00edv\u00e1 p\u0159ipojen\u00e9 \u0161pi\u010dky Combitipy. Combitip se napln\u00ed a pak se ji\u017e jen d\u00e1vkuj\u00ed jednotliv\u00e9 d\u00e1vky. D\u00edky extern\u00edm \u0161pi\u010dk\u00e1m, kter\u00e9 jsou p\u0159esn\u011b ut\u011bsn\u011bny, je mo\u017en\u00e9 d\u00e1vkovat infek\u010dn\u00ed nebo toxick\u00e9 l\u00e1tky.<\/p>\n\n\n\n<div class=\"wp-block-columns\">\n<div class=\"wp-block-column\" style=\"flex-basis:66.66%\">\n<figure class=\"wp-block-image size-large is-resized\"><img loading=\"lazy\" src=\"https:\/\/www.pipety.eu\/wp-content\/uploads\/2021\/11\/M4-davkovac-1024x516.jpg\" alt=\"\" class=\"wp-image-1825\" width=\"220\" height=\"110\" srcset=\"https:\/\/www.pipety.eu\/wp-content\/uploads\/2021\/11\/M4-davkovac-1024x516.jpg 1024w, https:\/\/www.pipety.eu\/wp-content\/uploads\/2021\/11\/M4-davkovac-300x151.jpg 300w, https:\/\/www.pipety.eu\/wp-content\/uploads\/2021\/11\/M4-davkovac-768x387.jpg 768w, https:\/\/www.pipety.eu\/wp-content\/uploads\/2021\/11\/M4-davkovac-400x200.jpg 400w, https:\/\/www.pipety.eu\/wp-content\/uploads\/2021\/11\/M4-davkovac-119x60.jpg 119w, https:\/\/www.pipety.eu\/wp-content\/uploads\/2021\/11\/M4-davkovac-179x90.jpg 179w, https:\/\/www.pipety.eu\/wp-content\/uploads\/2021\/11\/M4-davkovac.jpg 1200w\" sizes=\"(max-width: 220px) 100vw, 220px\" \/><\/figure>\n<\/div>\n\n\n\n<div class=\"wp-block-column\" style=\"flex-basis:33.33%\">\n<div class=\"wp-block-buttons\">\n<div class=\"wp-block-button\"><a class=\"wp-block-button__link has-pale-cyan-blue-background-color has-background\" href=\"https:\/\/www.pipety.eu\/?page_id=1050\">Nab\u00eddka Multipette M4<\/a><\/div>\n<\/div>\n<\/div>\n<\/div>\n\n\n\n<hr class=\"wp-block-separator\"\/>\n","protected":false},"excerpt":{"rendered":"<p>Eppendorf Research Plus (IVD) Tyto pipety spl\u0148uj\u00ed nejp\u0159\u00edsn\u011bj\u0161\u00ed n\u00e1roky na p\u0159esnost a opakovatelnost. Jsou ide\u00e1ln\u00ed pro b\u011b\u017en\u00fd provoz a zaji\u0161\u0165uj\u00ed p\u0159esn\u00e9 v\u00fdsledky. velice lehk\u00e9 pipety mal\u00e1 ovl\u00e1dac\u00ed s\u00edla p\u0159esn\u00e9 d\u00e1vkov\u00e1n\u00ed pipety jsou barevn\u011b ozna\u010deny dle d\u00e1vkovan\u00e9ho objemu rychl\u00e9 nastaven\u00ed objemu snadn\u00e1 a rychl\u00e1 \u00fadr\u017eba akreditovan\u00e1 kalibrace v cen\u011b pipety Eppendorf&hellip; <\/p>\n","protected":false},"author":1,"featured_media":0,"parent":0,"menu_order":0,"comment_status":"closed","ping_status":"closed","template":"","meta":{"spay_email":""},"_links":{"self":[{"href":"https:\/\/www.pipety.eu\/index.php?rest_route=\/wp\/v2\/pages\/217"}],"collection":[{"href":"https:\/\/www.pipety.eu\/index.php?rest_route=\/wp\/v2\/pages"}],"about":[{"href":"https:\/\/www.pipety.eu\/index.php?rest_route=\/wp\/v2\/types\/page"}],"author":[{"embeddable":true,"href":"https:\/\/www.pipety.eu\/index.php?rest_route=\/wp\/v2\/users\/1"}],"replies":[{"embeddable":true,"href":"https:\/\/www.pipety.eu\/index.php?rest_route=%2Fwp%2Fv2%2Fcomments&post=217"}],"version-history":[{"count":46,"href":"https:\/\/www.pipety.eu\/index.php?rest_route=\/wp\/v2\/pages\/217\/revisions"}],"predecessor-version":[{"id":1840,"href":"https:\/\/www.pipety.eu\/index.php?rest_route=\/wp\/v2\/pages\/217\/revisions\/1840"}],"wp:attachment":[{"href":"https:\/\/www.pipety.eu\/index.php?rest_route=%2Fwp%2Fv2%2Fmedia&parent=217"}],"curies":[{"name":"wp","href":"https:\/\/api.w.org\/{rel}","templated":true}]}}